{"id":607,"date":"2014-12-19T09:08:58","date_gmt":"2014-12-19T08:08:58","guid":{"rendered":"http:\/\/trail.orienteering.sk\/?page_id=607"},"modified":"2015-11-01T17:28:35","modified_gmt":"2015-11-01T16:28:35","slug":"13-6-2015-tempo-2-kolo-slovenskeho-pohara","status":"publish","type":"page","link":"http:\/\/trail.orienteering.sk\/?page_id=607","title":{"rendered":"13.6.2015 TempO, 2. kolo Slovensk\u00e9ho poh\u00e1ra (2nd round of Slovak Cup)"},"content":{"rendered":"<p style=\"text-align: justify;\">Popri pretekoch\u00a0<a href=\"http:\/\/www.tjrapid.sk\/\" target=\"_blank\">MSR v \u0161printov\u00fdch \u0161tafet\u00e1ch<\/a>\u00a0sa v sobotu\u00a0popoludn\u00ed 13.6.2015 uskuto\u010dnilo\u00a02. kolo Slovensk\u00e9ho poh\u00e1ra v presnej orient\u00e1cii v discipl\u00edne TempO.\u00a0Preteky sa uskuto\u010dnili v Bratislave na Patr\u00f3nke v are\u00e1li SAV.<\/p>\n<p>Viac inform\u00e1ci\u00ed <em>(More informations):<\/em><\/p>\n<p><a href=\"http:\/\/trail.orienteering.sk\/wp-content\/uploads\/2015\/05\/Propoz\u00edcie-TempO-13.6.2015.doc\">Propoz\u00edcie (Bulletin)<\/a><br \/>\n<a href=\"http:\/\/trail.orienteering.sk\/?p=1167\">V\u00fdsledky (Results)<\/a><br \/>\n<a href=\"http:\/\/trail.orienteering.sk\/wp-content\/uploads\/2015\/11\/20150613_tempo_protokol.pdf\">Protokol<\/a>\u00a0(Protocol)<br \/>\nMapy\u00a0(Maps):<br \/>\n&#8211; <a href=\"http:\/\/trail.orienteering.sk\/wp-content\/uploads\/2014\/12\/S1.1.pdf\">1.1<\/a> <a href=\"http:\/\/trail.orienteering.sk\/wp-content\/uploads\/2014\/12\/S1.2.pdf\">1.2<\/a> <a href=\"http:\/\/trail.orienteering.sk\/wp-content\/uploads\/2014\/12\/S1.3.pdf\">1.3<\/a> <a href=\"http:\/\/trail.orienteering.sk\/wp-content\/uploads\/2014\/12\/S1.4.pdf\">1.4<\/a> <a href=\"http:\/\/trail.orienteering.sk\/wp-content\/uploads\/2014\/12\/S2.1.pdf\">2.1<\/a> <a href=\"http:\/\/trail.orienteering.sk\/wp-content\/uploads\/2014\/12\/S2.2.pdf\">2.2<\/a> <a href=\"http:\/\/trail.orienteering.sk\/wp-content\/uploads\/2014\/12\/S2.3.pdf\">2.3<\/a> <a href=\"http:\/\/trail.orienteering.sk\/wp-content\/uploads\/2014\/12\/S2.4.pdf\">2.4<\/a> <a href=\"http:\/\/trail.orienteering.sk\/wp-content\/uploads\/2014\/12\/S3.1.pdf\">3.1<\/a> <a href=\"http:\/\/trail.orienteering.sk\/wp-content\/uploads\/2014\/12\/S3.2.pdf\">3.2<\/a> <a href=\"http:\/\/trail.orienteering.sk\/wp-content\/uploads\/2014\/12\/S3.3.pdf\">3.3<\/a> <a href=\"http:\/\/trail.orienteering.sk\/wp-content\/uploads\/2014\/12\/S3.4.pdf\">3.4<\/a> <a href=\"http:\/\/trail.orienteering.sk\/wp-content\/uploads\/2014\/12\/S4.1.pdf\">4.1<\/a> <a href=\"http:\/\/trail.orienteering.sk\/wp-content\/uploads\/2014\/12\/S4.2.pdf\">4.2<\/a> <a href=\"http:\/\/trail.orienteering.sk\/wp-content\/uploads\/2014\/12\/S4.3.pdf\">4.3<\/a> <a href=\"http:\/\/trail.orienteering.sk\/wp-content\/uploads\/2014\/12\/S4.4.pdf\">4.4<\/a><br \/>\n&#8211; <a href=\"http:\/\/trail.orienteering.sk\/wp-content\/uploads\/2014\/12\/S5.1.pdf\">5.1<\/a>\u00a0<a href=\"http:\/\/trail.orienteering.sk\/wp-content\/uploads\/2014\/12\/S5.2.pdf\">5.2<\/a> <a href=\"http:\/\/trail.orienteering.sk\/wp-content\/uploads\/2014\/12\/S5.3.pdf\">5.3<\/a> <a href=\"http:\/\/trail.orienteering.sk\/wp-content\/uploads\/2014\/12\/S5.4.pdf\">5.4<\/a> <a href=\"http:\/\/trail.orienteering.sk\/wp-content\/uploads\/2014\/12\/S6.1.png\">6.1<\/a>\u00a0<a href=\"http:\/\/trail.orienteering.sk\/wp-content\/uploads\/2014\/12\/S6.2.png\">6.2<\/a> <a href=\"http:\/\/trail.orienteering.sk\/wp-content\/uploads\/2014\/12\/S6.3.png\">6.3<\/a>\u00a0<a href=\"http:\/\/trail.orienteering.sk\/wp-content\/uploads\/2014\/12\/S6.4.png\">6.4<\/a> <a href=\"http:\/\/trail.orienteering.sk\/wp-content\/uploads\/2014\/12\/S7.1.png\">7.1<\/a> <a href=\"http:\/\/trail.orienteering.sk\/wp-content\/uploads\/2014\/12\/S7.2.png\">7.2<\/a> <a href=\"http:\/\/trail.orienteering.sk\/wp-content\/uploads\/2014\/12\/S7.3.png\">7.3<\/a> <a href=\"http:\/\/trail.orienteering.sk\/wp-content\/uploads\/2014\/12\/S7.4.png\">7.4<\/a> <a href=\"http:\/\/trail.orienteering.sk\/wp-content\/uploads\/2014\/12\/S8.1.pdf\">8.1<\/a> <a href=\"http:\/\/trail.orienteering.sk\/wp-content\/uploads\/2014\/12\/S8.2.pdf\">8.2<\/a>\u00a0<a href=\"http:\/\/trail.orienteering.sk\/wp-content\/uploads\/2014\/12\/S8.3.pdf\">8.3<\/a> <a href=\"http:\/\/trail.orienteering.sk\/wp-content\/uploads\/2014\/12\/S8.4.pdf\">8.4<\/a><br \/>\nRie\u0161enia (Solutions):<br \/>\n&#8211; <a href=\"http:\/\/trail.orienteering.sk\/wp-content\/uploads\/2014\/12\/solutions.2000.1.pdf\">1-3<\/a> <a href=\"http:\/\/trail.orienteering.sk\/wp-content\/uploads\/2014\/12\/solutions.2000.2.pdf\">4-8<\/a><\/p>\n","protected":false},"excerpt":{"rendered":"<p>Popri pretekoch\u00a0MSR v \u0161printov\u00fdch \u0161tafet\u00e1ch\u00a0sa v sobotu\u00a0popoludn\u00ed 13.6.2015 uskuto\u010dnilo\u00a02. kolo Slovensk\u00e9ho poh\u00e1ra v presnej orient\u00e1cii v discipl\u00edne TempO.\u00a0Preteky sa uskuto\u010dnili v Bratislave na Patr\u00f3nke v are\u00e1li SAV. Viac inform\u00e1ci\u00ed (More informations): Propoz\u00edcie (Bulletin) V\u00fdsledky (Results) Protokol\u00a0(Protocol) Mapy\u00a0(Maps): &#8211; 1.1 1.2&hellip;<\/p>\n<p class=\"more-link-p\"><a class=\"more-link\" href=\"http:\/\/trail.orienteering.sk\/?page_id=607\">Read more &rarr;<\/a><\/p>\n","protected":false},"author":1,"featured_media":0,"parent":0,"menu_order":0,"comment_status":"open","ping_status":"closed","template":"","meta":{"footnotes":""},"class_list":["post-607","page","type-page","status-publish","hentry"],"_links":{"self":[{"href":"http:\/\/trail.orienteering.sk\/index.php?rest_route=\/wp\/v2\/pages\/607","targetHints":{"allow":["GET"]}}],"collection":[{"href":"http:\/\/trail.orienteering.sk\/index.php?rest_route=\/wp\/v2\/pages"}],"about":[{"href":"http:\/\/trail.orienteering.sk\/index.php?rest_route=\/wp\/v2\/types\/page"}],"author":[{"embeddable":true,"href":"http:\/\/trail.orienteering.sk\/index.php?rest_route=\/wp\/v2\/users\/1"}],"replies":[{"embeddable":true,"href":"http:\/\/trail.orienteering.sk\/index.php?rest_route=%2Fwp%2Fv2%2Fcomments&post=607"}],"version-history":[{"count":0,"href":"http:\/\/trail.orienteering.sk\/index.php?rest_route=\/wp\/v2\/pages\/607\/revisions"}],"wp:attachment":[{"href":"http:\/\/trail.orienteering.sk\/index.php?rest_route=%2Fwp%2Fv2%2Fmedia&parent=607"}],"curies":[{"name":"wp","href":"https:\/\/api.w.org\/{rel}","templated":true}]}}