{"id":29,"date":"2014-03-16T22:16:01","date_gmt":"2014-03-16T21:16:01","guid":{"rendered":"http:\/\/trail.orienteering.sk\/?page_id=29"},"modified":"2014-04-10T21:09:07","modified_gmt":"2014-04-10T20:09:07","slug":"6-4-2014","status":"publish","type":"page","link":"http:\/\/trail.orienteering.sk\/?page_id=29","title":{"rendered":"6.4.2014"},"content":{"rendered":"<p>V r\u00e1mci pretekov <a title=\"Propoz\u00edcie CESOM 2014\" href=\"http:\/\/www.kobra-orienteering.sk\/web\/images\/stories\/CESOM\/2014\/cesom2014_propozicie3.pdf\" target=\"_blank\">CESOM 2014<\/a> (s l\u00e1skavou podporou klubu <a title=\"KOBRA Bratislava\" href=\"http:\/\/www.kobra-orienteering.sk\/\" target=\"_blank\">KOBRA Bratislava<\/a>\u00a0sa uskuto\u010dnili prezenta\u010dn\u00e9 preteky v Trail-O v rovinat\u00fdch (pieskov\u00fdch) ter\u00e9noch Z\u00e1horia pri obci \u0160ajd\u00edkov\u00e9 Humence. K dispoz\u00edcii boli tri trate: Za\u010diato\u010dn\u00edci (jednoduch\u00e1 tra\u0165), OPEN (\u0161tandardn\u00e1 tra\u0165, ale v skr\u00e1tenom rozsahu) a OPEN E (plnohodnotn\u00e1 tra\u0165). \u00da\u010das\u0165 bola ve\u013emi slu\u0161n\u00e1. Vo v\u00fdsledkoch sa objavilo 82 pretek\u00e1rov, pri\u010dom cca \u010fal\u0161\u00edch 15-20 si bolo trate len \u010disto\u010dne vysk\u00fa\u0161a\u0165 bez hodnotenia.<\/p>\n<p>Viac inform\u00e1ci\u00ed n\u00e1jdete:<\/p>\n<p><a title=\"Propoz\u00edcie na Trail-O preteky konan\u00e9 6.4.2014 popri podujat\u00ed CESOM 2014\" href=\"http:\/\/trail.orienteering.sk\/?p=41\">Propoz\u00edcie<\/a><br \/>\n<a title=\"Pokyny na Trail-O preteky konan\u00e9 6.4.2014 popri podujat\u00ed CESOM 2014\" href=\"http:\/\/trail.orienteering.sk\/?p=90\">Pokyny<\/a><br \/>\n<a title=\"V\u00fdsledky Trail-O pretekov konan\u00fdch 6.4.2014 popri podujat\u00ed CESOM 2014\" href=\"http:\/\/trail.orienteering.sk\/?p=126\">V\u00fdsledky<\/a><br \/>\n<a title=\"Mapy Trail-O pretekov konan\u00fdch 6.4.2014 popri podujat\u00ed CESOM 2014\" href=\"http:\/\/trail.orienteering.sk\/?p=137\">Mapy a\u00a0rie\u0161enia<\/a><br \/>\n<a title=\"Popis rie\u0161en\u00ed Trail-O pretekov konan\u00fdch 6.4.2014 popri podujat\u00ed CESOM 2014\" href=\"http:\/\/trail.orienteering.sk\/?p=153\">Slovn\u00fd popis rie\u0161en\u00ed<\/a><br \/>\n<a href=\"https:\/\/drive.google.com\/folderview?id=0B61zCMcEE1bOXzJRTHc5TFk0Q28&amp;usp=sharing\" target=\"_blank\">Fotodokument\u00e1cia<\/a><\/p>\n","protected":false},"excerpt":{"rendered":"<p>V r\u00e1mci pretekov CESOM 2014 (s l\u00e1skavou podporou klubu KOBRA Bratislava\u00a0sa uskuto\u010dnili prezenta\u010dn\u00e9 preteky v Trail-O v rovinat\u00fdch (pieskov\u00fdch) ter\u00e9noch Z\u00e1horia pri obci \u0160ajd\u00edkov\u00e9 Humence. K dispoz\u00edcii boli tri trate: Za\u010diato\u010dn\u00edci (jednoduch\u00e1 tra\u0165), OPEN (\u0161tandardn\u00e1 tra\u0165, ale v skr\u00e1tenom rozsahu)&hellip;<\/p>\n<p class=\"more-link-p\"><a class=\"more-link\" href=\"http:\/\/trail.orienteering.sk\/?page_id=29\">Read more &rarr;<\/a><\/p>\n","protected":false},"author":1,"featured_media":0,"parent":0,"menu_order":0,"comment_status":"open","ping_status":"open","template":"","meta":{"footnotes":""},"class_list":["post-29","page","type-page","status-publish","hentry"],"_links":{"self":[{"href":"http:\/\/trail.orienteering.sk\/index.php?rest_route=\/wp\/v2\/pages\/29","targetHints":{"allow":["GET"]}}],"collection":[{"href":"http:\/\/trail.orienteering.sk\/index.php?rest_route=\/wp\/v2\/pages"}],"about":[{"href":"http:\/\/trail.orienteering.sk\/index.php?rest_route=\/wp\/v2\/types\/page"}],"author":[{"embeddable":true,"href":"http:\/\/trail.orienteering.sk\/index.php?rest_route=\/wp\/v2\/users\/1"}],"replies":[{"embeddable":true,"href":"http:\/\/trail.orienteering.sk\/index.php?rest_route=%2Fwp%2Fv2%2Fcomments&post=29"}],"version-history":[{"count":0,"href":"http:\/\/trail.orienteering.sk\/index.php?rest_route=\/wp\/v2\/pages\/29\/revisions"}],"wp:attachment":[{"href":"http:\/\/trail.orienteering.sk\/index.php?rest_route=%2Fwp%2Fv2%2Fmedia&parent=29"}],"curies":[{"name":"wp","href":"https:\/\/api.w.org\/{rel}","templated":true}]}}